vert 86 (base 9) to base 11.
71
Convert 4 (base 5) to base 3.
11
Convert 1000 (base 3) to base 14.
1d
What is 4 (base 5) in base 14?
4
-10 (base 15) to base 14
-11
What is 266 (base 12) in base 15?
196
Convert -107 (base 9) to base 7.
-154
Convert -1c (base 14) to base 3.
-222
Convert 16 (base 7) to base 5.
23
5 (base 10) to base 4
11
What is 0 (base 14) in base 9?
0
Convert b (base 16) to base 7.
14
What is 14 (base 7) in base 6?
15
Convert -64 (base 11) to base 4.
-1012
What is 15 (base 10) in base 15?
10
5 (base 11) to base 16
5
What is 0 (base 10) in base 16?
0
Convert -85 (base 14) to base 5.
-432
Convert 21 (base 4) to base 2.
1001
What is -a (base 16) in base 12?
-a
What is 10 (base 11) in base 2?
1011
Convert aa (base 13) to base 16.
8c
Convert 2 (base 16) to base 14.
2
What is 0 (base 5) in base 7?
0
Convert 49 (base 10) to base 14.
37
123 (base 5) to base 10
38
13 (base 9) to base 15
c
Convert -10 (base 10) to base 15.
-a
What is -4 (base 6) in base 12?
-4
Convert 14 (base 5) to base 15.
9
Convert 3 (base 12) to base 7.
3
101100 (base 2) to base 12
38
Convert 21 (base 3) to base 16.
7
0 (base 2) to base 15
0
1 (base 16) to base 2
1
-101 (base 2) to base 7
-5
Convert -4 (base 6) to base 15.
-4
What is 8 (base 12) in base 8?
10
322 (base 4) to base 15
3d
What is -121 (base 3) in base 11?
-15
What is 3 (base 12) in base 16?
3
17 (base 14) to base 11
1a
10 (base 6) to base 9
6
What is -1 (base 16) in base 14?
-1
75 (base 11) to base 12
6a
Convert 74 (base 12) to base 11.
80
Convert a (base 13) to base 10.
10
What is 3 (base 9) in base 11?
3
-11002 (base 3) to base 14
-7c
Convert -122 (base 3) to base 14.
-13
What is -15 (base 12) in base 10?
-17
What is -3 (base 13) in base 11?
-3
Convert c (base 15) to base 3.
110
What is -5e (base 16) in base 9?
-114
Convert -8 (base 15) to base 14.
-8
Convert -11 (base 6) to base 13.
-7
1 (base 5) to base 16
1
Convert -13 (base 6) to base 15.
-9
-b (base 15) to base 5
-21
What is 300 (base 4) in base 6?
120
Convert 218 (base 9) to base 10.
179
Convert 2 (base 16) to base 15.
2
What is 5 (base 14) in base 16?
5
-101 (base 3) to base 10
-10
Convert -7 (base 9) to base 2.
-111
Convert -32 (base 9) to base 12.
-25
What is 1010 (base 2) in base 14?
a
Convert 14 (base 10) to base 6.
22
Convert 398 (base 10) to base 14.
206
What is 4 (base 8) in base 14?
4
Convert 200 (base 3) to base 8.
22
-4c (base 15) to base 3
-2200
11 (base 11) to base 3
110
What is 9 (base 10) in base 3?
100
What is -201 (base 3) in base 5?
-34
Convert b (base 16) to base 8.
13
-1 (base 12) to base 4
-1
1 (base 12) to base 5
1
Convert -53 (base 8) to base 10.
-43
Convert -5 (base 15) to base 14.
-5
103 (base 13) to base 2
10101100
Convert -1140 (base 5) to base 4.
-2222
Convert 0 (base 3) to base 4.
0
What is 3 (base 14) in base 16?
3
-8 (base 15) to base 6
-12
-20 (base 3) to base 8
-6
Convert 2 (base 15) to base 11.
2
Convert -212 (base 4) to base 13.
-2c
What is 110 (base 2) in base 12?
6
-80 (base 10) to base 8
-120
What is -1 (base 14) in base 9?
-1
What is -161 (base 7) in base 16?
-5c
Convert -2a (base 15) to base 11.
-37
-2c (base 15) to base 9
-46
-10c (base 13) to base 2
-10110101
1110000 (base 2) to base 4
1300
Convert 10 (base 3) to base 6.
3
-d (base 14) to base 9
-14
Convert -4 (base 6) to base 10.
-4
What is 13 (base 14) in base 15?
12
What is 8 (base 9) in base 2?
1000
Convert 22 (base 3) to base 7.
11
Convert 0 (base 12) to base 4.
0
11 (base 2) to base 14
3
Convert -22 (base 6) to base 12.
-12
Convert -86 (base 9) to base 7.
-141
Convert -63 (base 8) to base 7.
-102
What is -5c (base 16) in base 8?
-134
6 (base 13) to base 9
6
What is 101 (base 5) in base 13?
20
20 (base 9) to base 12
16
What is 13 (base 14) in base 3?
122
What is -3 (base 10) in base 14?
-3
What is -2 (base 16) in base 8?
-2
2002 (base 3) to base 11
51
Convert a (base 15) to base 6.
14
Convert 18 (base 10) to base 9.
20
-14 (base 8) to base 16
-c
-72 (base 9) to base 16
-41
What is 134 (base 6) in base 12?
4a
What is -1 (base 10) in base 16?
-1
What is -3 (base 12) in base 2?
-11
Convert 11 (base 5) to base 10.
6
What is 3 (base 8) in base 14?
3
22 (base 3) to base 8
10
224 (base 6) to base 13
6a
What is 2 (base 4) in base 15?
2
What is -a3 (base 12) in base 5?
-443
What is 1211 (base 5) in base 14?
cd
-10 (base 3) to base 13
-3
Convert 36 (base 7) to base 10.
27
What is -12 (base 7) in base 3?
-100
8 (base 15) to base 6
12
-11101 (base 2) to base 12
-25
Convert 22 (base 7) to base 13.
13
200 (base 4) to base 14
24
-7 (base 12) to base 2
-111
Convert 1a (base 15) to base 11.
23
Convert -54 (base 6) to base 7.
-46
What is 134 (base 5) in base 12?
38
19 (base 12) to base 8
25
Convert 166 (base 11) to base 10.
193
What is -1112 (base 4) in base 5?
-321
What is -1022 (base 4) in base 6?
-202
56 (base 15) to base 16
51
Convert 76 (base 15) to base 7.
216
What is -404 (base 7) in base 13?
-125
What is -100 (base 2) in base 7?
-4
Convert -2 (base 6) to base 10.
-2
4 (base 5) to base 3
11
What is -101 (base 2) in base 13?
-5
Convert 10 (base 3) to base 6.
3
4 (base 15) to base 6
4
Convert 35 (base 8) to base 9.
32
1 (base 14) to base 13
1
What is 12 (base 7) in base 10?
9
11 (base 2) to base 12
3
Convert 0 (base 8) to base 13.
0
What is 1042 (base 5) in base 16?
93
-12c (base 14) to base 8
-354
What is 1 (base 8) in base 13?
1
What is 111101 (base 2) in base 7?
115
10 (base 6) to base 16
6
10 (base 5) to base 8
5
What is 122 (base 4) in base 3?
222
Convert 0 (base 12) to base 2.
0
12 (base 16) to base 9
20
Convert -3 (base 6) to base 7.
-3
-54 (base 7) to base 12
-33
What is 2200 (base 5) in base 14?
176
-9 (base 10) to base 16
-9
Convert -12 (base 11) to base 6.
-21
Convert -40 (base 14) to base 13.
-44
What is 1 (base 15) in base 8?
1
Convert -3 (base 13) to base 9.
-3
What is -38 (base 12) in base 6?
-112
What is 11 (base 5) in base 8?
6
Convert 6 (base 12) to base 13.
6
Convert 2011 (base 3) to base 9.
64
-4 (base 16) to base 14
-4
Convert -28 (base 14) to base 5.
-121
-2 (base 8) to base 3
-2
345 (base 6) to base 16
89
45 (base 7) to base 16
21
Convert -11000101 (base 2) to base 12.
-145
What is 2211 (base 3) in base 10?
76
-16 (base 15) to base 16
-15
-1 (base 10) to base 8
-1
Convert -1 (base 10) to base 6.
-1
-20 (base 3) to base 2
-110
Convert 6 (base 7) to base 2.
110
Convert b (base 13) to base 2.
1011
3 (base 13) to base 15
3
-3 (base 14) to base 16
-3
100 (base 3) to base 14
9
Convert -7 (base 14) to base 3.
-21
What is 20 (base 15) in base 7?
42
Convert 9a (base 11) to base 3.
11001
What is 6 (base 10) in base 9?
6
Convert -2 (base 3) to base 11.
-2
-1 (base 12) to base 13
-1
-6 (base 9) to base 7
-6
What is 0 (base 8) in base 6?
0
131 (base 6) to base 14
3d
What is -17 (base 14) in base 10?
-21
What is a (base 14) in base 5?
20
-244 (base 5) to base 7
-134
What is c (base 16) in base 13?
c
-17 (base 10) to base 6
-25
Convert -1 (base 13) to base 14.
-1
3 (base 13) to base 11
3
What is -224 (base 6) in base 2?
-1011000
-102 (base 6) to base 10
-38
3a (base 12) to base 9
51
What is -44 (base 6) in base 9?
-31
What is -1 (base 11) in base 8?
-1
Convert 3 (base 9) to base 4.
3
What is 3 (base 15) in base 16?
3
Convert -2 (base 6) to base 12.
-2
1b (base 12) to base 2
10111
1131 (base 4) to base 14
69
Convert 6 (base 14) to base 4.
12
What is 104 (base 5) in base 6?
45
1 (base 16) to base 3
1
1011 (base 3) to base 13
25
1 (base 12) to base 8
1
-1 (base 16) to base 11
-1
-1 (base 14) to base 16
-1
Convert 0 (base 15) to base 11.
0
Convert 76 (base 16) to base 12.
9a
Convert ad (base 16) to base 3.
20102
Convert 6 (base 16) to base 15.
6
What is -2b (base 13) in base 15?
-27
Convert 0 (base 4) to base 9.
0
What is -1020 (base 3) in base 16?
-21
What is -1000101 (base 2) in base 9?
-76
What is -3 (base 4) in base 3?
-10
Convert -242 (base 5) to base 2.
-1001000
31 (base 6) to base 16
13
-4 (base 7) to base 11
-4
What is -2 (base 4) in base 5?
-2
What is 5 (base 16) in base 10?
5
What is 1122 (base 3) in base 13?
35
-31 (base 10) to base 12
-27
1 (base 8) to base 4
1
-b6 (base 14) to base 12
-114
-240 (base 5) to base 14
-50
What is 0 (base 5) in base 10?
0
Convert 3 (base 10) to base 8.
3
Convert 11 (base 6) to base 7.
10
What is 2 (base 11) in b